 8 = 0, 5*f - 5 = -c - 13. Let p(j) be the first derivative of -j**3/3 - 5*j**2/2 - 3*j + 17. Calculate p(f).
3
Let i(l) = l**2 + 5*l + 7. Let s be ((-6)/(-7))/((-3)/21). Give i(s).
13
Let a(o) = 11*o. Let u be (-5)/(-30) - (-10)/12. Give a(u).
11
Let z = 9 - 12. Let l = -5 - z. Let c(t) = 3*t. What is c(l)?
-6
Let o(j) = 5*j**3 + 10*j**2 + 9*j - 1. Let t(v) = 6*v**3 + 11*v**2 + 10*v. Let g(h) = 5*o(h) - 4*t(h). Calculate g(-5).
-5
Let r(f) = -3*f**3 + 3*f**2 - f - 1. Suppose 4*z = 4*w - 12, -18 = 4*z - 8*z - 2*w. What is r(z)?
-15
Let g(j) be the first derivative of -j**4/4 + 4*j**3/3 - 3*j**2/2 + 4*j - 52. Suppose -2*n + 4 = 2*c, 4*n + 2*c - 4 - 8 = 0. What is g(n)?
-8
Let r be (-2 - 24/(-5))/((-8)/(-20)). Let s(d) = -d + 10. Give s(r).
3
Let a(v) = -v + 6. Let u(r) = -113*r**2 + 1. Let s be u(-1). Let z be (-2)/(-6) - s/(-21). What is a(z)?
11
Let r be (-8)/(-6)*15/5. Let w(q) = -2 + 3*q**2 + 1 - r*q**2 + 2. Give w(-3).
-8
Let f(l) = -2*l + 6. Suppose 0 = 2*b - b - 6. Let p = -4 + b. Suppose p*d - 8 = -0*d. What is f(d)?
-2
Let q = 0 - -5. Suppose -i + 4*i + 4*z = 1, z = -q*i + 13. Let h(p) = -p**2 - 2*p**3 + 3*p + 3*p**3 - 3*p**2. Give h(i).
0
Let c(z) = 3 + 3*z**2 - 4*z - 4*z**2 - 4*z + 3*z. Determine c(-6).
-3
Let k(d) be the third derivative of -d**5/60 + 7*d**4/24 + d**2. Suppose 0 = -18*r + 154 - 46. Calculate k(r).
6
Let s be ((-8)/6)/(2/(-15)). Let i = 6 - s. Let v(q) = 3*q + 5. Calculate v(i).
-7
Let u(h) = h**3 + h**2 + 7*h - 1. Let c(w) = -w**3 + w**2 - w - 1. Let d(x) = -2*c(x) - u(x). Let q(t) = -3 - t + 1 + t**2 + 0*t**2. Let m be q(-2). Give d(m).
-1
Suppose 4*c - 6 = c. Suppose c*z + o = -2*z - 29, z - 3*o - 9 = 0. Let a(f) = -f - 12. Give a(z).
-6
Let g be 68/18 - (-4)/18. Suppose -g*q - 2*b = 3*b - 35, -q = 5*b - 20. Let m(v) = -v**2 - 1 + 3 + 2*v - 4 + 3*v. What is m(q)?
-2
Let x(u) = -4*u**2 - 4*u - 2. Let p = 16 + -18. Give x(p).
-10
Let d(h) = 7*h**2 + 2*h - 3. Let p(x) = 3*x**2 + x - 1. Let s(g) = 2*d(g) - 5*p(g). Let b be 2/1*14/(-14). Determine s(b).
-3
Suppose 3*x + g = x, 4*x + 3*g = 0. Let s(w) be the third derivative of -1/12*w**4 - 1/3*w**3 + x + 0*w - w**2. Give s(3).
-8
Let y(g) = g**3 - 3*g**2 - g - 15. Let t be y(4). Let r(d) = -2*d - 5. Determine r(t).
1
Let n(d) = -d**3 + d**2 + 8. Let k(m) = -5*m**2 + 3. Let y(h) = -4*h**2 + 2. Let f(s) = -3*k(s) + 4*y(s). Let w(o) = 2*f(o) + n(o). What is w(0)?
6
Let x(p) be the third derivative of -p**7/2520 + p**6/360 + p**5/30 - 4*p**2. Let j(h) be the third derivative of x(h). Determine j(2).
-2
Let o(d) be the second derivative of d**3/3 + 5*d**2/2 + d. Let z = 17 + -21. Give o(z).
-3
Let s be (-21)/(-72)*4/14. Let c(h) be the third derivative of -3*h**2 + 1/120*h**6 + 0*h - s*h**4 + 1/12*h**5 - 1/2*h**3 + 0. Give c(-5).
7
Let v(a) = -a**2 + a. Let d(f) = -3*f**2 - 5*f - 5. Let c(s) = d(s) - 2*v(s). Give c(-4).
7
Let u(j) = -j**3 + 8*j**2 - 6 + j + 0*j + 0*j**2. Let z be u(8). Let v(m) = -3*m - 3 - z*m + 2 - m**2. What is v(-2)?
5
Let j(x) = 3*x + 1. Let q(y) be the third derivative of y**4/24 - y**3 + 3*y**2. Let u be q(4). Calculate j(u).
-5
Let f(t) be the first derivative of -t**3/3 - 4*t + 5. Determine f(0).
-4
Suppose 0 = -4*b - b - 25. Let m(w) be the third derivative of w**5/60 + w**4/4 + w**3 + w**2. Give m(b).
1
Let v = -1 - -5. Let r(y) be the second derivative of y + 0 - 1/2*y**3 + 5/2*y**2. Give r(v).
-7
Let y be -4*(5/24 - 3/9). Let i(r) be the second derivative of -1/20*r**5 - 1/6*r**3 - 3*r + 0 + 3/2*r**2 + y*r**4. What is i(6)?
-3
Let x(q) be the second derivative of q**5/20 - q**4/2 + q**3 - q**2/2 - 22*q. Determine x(4).
-9
Let v(m) = -m**3 + 1 + 2*m - 2*m - 2*m + 2*m**2 + m**2. What is v(3)?
-5
Let t(a) = -2*a**2 + 4*a - 2. Let w be (-1 - -3)/6*3. Let h(d) = 3*d**2 - 1. Let s be h(w). Calculate t(s).
-2
Let d(r) = 5*r**3 - 8*r + 12. Let a(o) = -3*o**3 + 5*o - 8. Let b(k) = k**2 + 9*k - 8. Let m be b(-9). Let g(v) = m*a(v) - 5*d(v). Determine g(0).
4
Let j(q) be the second derivative of -q**5/20 - q**4/3 + q**3/6 - q**2 - q. Suppose 32 = m + 3*m. Let v = m + -12. Give j(v).
-6
Suppose 9*z = 11*z + 4. Let u be z/15 - (-440)/(-75). Let y(i) = i - 1. Calculate y(u).
-7
Let l(f) = f**2 + 3*f - 2. Suppose 5*q + 13 + 12 = 0. Give l(q).
8
Suppose 6*o - 2*o - 10 = 5*d, d = -4*o - 2. Let y = d - -4. Let z(v) = -3*v**2 + v - 1. Determine z(y).
-11
Let p(t) = t + 1. Let g(r) = 4*r + 2. Let j(y) = -g(y) + 3*p(y). Let k = -7 + 10. Give j(k).
-2
Suppose -2*h + 5 = -2*l + 15, -l - h = -1. Let d(q) be the first derivative of -q**4 - q - q**2 - 1/3*q**l + 3. Determine d(-1).
4
Let x(b) be the third derivative of -b**5/60 - b**4/24 + b**3/2 + 10*b**2. Suppose 0 = 3*j + 2*t + 8, -2*t = -2*j + j - 8. Determine x(j).
-9
Let o be -7 - (1 - (-16)/(-4)). Let v(i) = -i**3 - 4*i**2 - 3*i - 6. Determine v(o).
6
Let x(s) be the first derivative of 4*s**2 + s - 7. Suppose -2*h - 1 = 1. Calculate x(h).
-7
Let q(b) be the third derivative of -b**4/24 + 9*b**2. Let o be (-1)/1*(-1)/(-1). Determine q(o).
1
Let d = -7 - 0. Let t(o) = o**3 + 6*o**2 - 9*o - 10. Determine t(d).
4
Let m be ((-2)/4 + -4)*2. Let u(p) = -p**3 + 5*p**2 - 7*p - 6. Let r(o) = 5*o**3 - 20*o**2 + 29*o + 24. Let k(i) = m*u(i) - 2*r(i). What is k(-6)?
12
Let b(r) be the second derivative of r**6/120 - r**5/30 + r**4/24 - r**3/6 - 4*r**2 - 6*r. Let v(g) be the first derivative of b(g). Calculate v(3).
11
Let x(o) = -4*o - 3. Let b(c) = -12*c - 8. Let f(k) = 4*b(k) - 11*x(k). Calculate f(2).
-7
Let m(a) be the second derivative of 2*a**4/3 + a**2/2 + 8*a. Calculate m(1).
9
Let n be -6 + -2 + 2 + 0. Let w(j) = 5*j - 16. Let c(x) = -x + 4. Let v(u) = 9*c(u) + 2*w(u). Determine v(n).
-2
Let l(j) = -j**3 + 1. Let t be l(1). Let p(q) = -q - 21. What is p(t)?
-21
Let i(n) = -n + 1. Let j = 23 + -15. Suppose -3*d + j*d = 5. Give i(d).
0
Let t(v) = v**3 + 5*v**2 - 7*v - 1. Let f be t(-6). Let n(h) = -h**3 + 6*h**2 - 6*h - 1. Calculate n(f).
-6
Suppose 12 = -6*g + 9*g. Let a(b) = -g*b**2 + 5*b + 7 + 2*b + b**3 + b + 11*b**2. Calculate a(-6).
-5
Let o be (-3)/2*(-24)/9. Let q = -7 + o. Let n(g) be the second derivative of -g**5/20 - g**4/12 + 2*g**3/3 + g**2/2 - 7*g. Give n(q).
7
Let q(c) = c - 2 + 7*c - 13*c + 6*c**2 - c**3. Give q(5).
-2
Let l = 2 - -5. Let u(j) = j**3 - 6*j**2 - 5*j - 10. Calculate u(l).
4
Let m(k) = -k - 1. Let v be m(-2). Suppose 5*s + v = -19. Let h(z) = z**3 - z**2 - 8*z - 8. Let i(n) = -n**2 - n - 1. Let y(o) = h(o) - 4*i(o). What is y(s)?
-4
Let k(y) be the second derivative of y**5/20 - y**3/3 - 3*y**2/2 - 3*y. Let f(r) = r - 6. Let s be f(4). Give k(s).
-7
Let j(i) = i - 8. Let b(f) = -f + 12. Let a(l) = 5*b(l) + 8*j(l). Suppose -2*g - 2 = 3*d + 4, g + 17 = -5*d. Give a(g).
5
Let l(n) be the second derivative of -n**3 - n**2/2 + 7*n. Calculate l(-1).
5
Let p = -1 - 0. Let z(b) be the third derivative of -b**4/12 + 5*b**2. Give z(p).
2
Let t(h) = -3*h**2 - 23 + 2*h**2 + 0*h**2 + 24 - 2*h. Give t(-3).
-2
Let w(n) be the second derivative of n**5/60 + n**4/24 + n**3/6 - 2*n**2 + 4*n. Let z(x) be the first derivative of w(x). Calculate z(-3).
7
Let c(g) = -g**3 + 3*g**2 + 2*g. Let a(k) = -k**2 + k - 1. Let d(s) = 2*a(s) + c(s). Give d(3).
-8
Suppose -3*l - 20 = 1. Let z(y) = -y**3 - 8*y**2 - 7*y. Give z(l).
0
Let c(p) be the first derivative of -3 - 15*p**2 + 12*p**2 + 5*p**2 - 2*p. Give c(2).
6
Let i(q) = q**3 + 3*q**2. Let g(s) = s + 1. Suppose -3*n = -2*p - 10, 3*n = 5*n - 3*p - 10. Let j(l) = n*g(l) + i(l). Give j(-2).
2
Let b(y) = -47*y**3 + 3*y**2 - 3*y + 8. Let i(m) = -16*m**3 + m**2 - m + 3. Let x(d) = -4*b(d) + 11*i(d). Calculate x(-1).
-13
Let j(l) = l**3 - l**2 - 1. Let d(n) = -12*n**3 + 7*n**2 + 4. Let x(q) = -d(q) - 5*j(q). Let b = 4 - 0. Let y = b - 3. What is x(y)?
6
Let g(f) = -2*f + f + 1 - 2*f**3 + f**3 - 3*f**2. Let m be ((-8)/6)/((-1)/3). Let u = -6 + m. Determine g(u).
-1
Suppose 8 = 2*k + 2*k. Let h be (2 - 4)/(k/(-5)). Let r(b) = -b + 8. Determine r(h).
3
Let l(t) be the second derivative of t**3/6 + t**2/2 - 16*t. What is l(7)?
8
Let v(j) = 3*j - 4. Suppose 0 = 8*o + 39 - 7. Give v(o).
-16
Let v be (-174)/(-54) - 4/18. Let q(u) = u. Let c(y) = -y**3 - y**2 - 4*y - 12. Let z(j) = v*q(j) + c(j). Determine z(0).
-12
Let w(r) be the third derivative of -r**5/30 - r**4/4 - r